{"id":11,"date":"2021-07-07T16:38:38","date_gmt":"2021-07-07T16:38:38","guid":{"rendered":"http:\/\/www.dry4future.ulpgc.es\/?page_id=11"},"modified":"2021-07-10T16:45:37","modified_gmt":"2021-07-10T16:45:37","slug":"estrategias-de-secado-eficientes-para-mejorar-la-salud-y-el-rendimiento-en-cabras-lecheras-dry4future","status":"publish","type":"page","link":"https:\/\/www.dry4future.ulpgc.es\/?page_id=11","title":{"rendered":"Estrategias de secado eficientes para mejorar la salud y el rendimiento en cabras lecheras (Dry4future)"},"content":{"rendered":"\n<p>El proyecto \u00abEstrategias de secado eficientes para mejorar la salud y el rendimiento en cabras lecheras\u00bb (abreviado como Dry4future), es un proyecto de 3 a\u00f1os de duraci\u00f3n (septiembre 2021-agosto 2024) financiado por la Agencia Estatal de Investigaci\u00f3n (Ministerio de Ciencia e Innovaci\u00f3n, Espa\u00f1a) dentro del Plan Estatal de Investigaci\u00f3n Cient\u00edfica y T\u00e9cnica y de Innovaci\u00f3n 2017-2020 (Programa Estatal de I+D+i Orientada a los Retos de la Sociedad<br>\u00abProyectos I+D+i\u00bb 2020 &#8211; Modalidades \u00abRetos Investigaci\u00f3n\u00bb y \u00abGeneraci\u00f3n de Conocimiento\u00bb).<\/p>\n\n\n\n<p>Este proyecto se llevar\u00e1 a cabo en la Facultad de Veterinaria de la Universidad de Las Palmas de Gran Canaria (ULPGC). <\/p>\n\n\n\n<p>La raza de cabras elegida para este proyecto es la<a href=\"https:\/\/www.gobiernodecanarias.org\/ganaderia\/temas\/razas_autoctonas\/cabra_majorera.html\"> Majorera<\/a>, una de las tres razas de cabras aut\u00f3ctonas de las Islas Canarias (Espa\u00f1a). Los mayores censos de esta raza se encuentran en las islas de Gran Canaria y Fuerteventura. Esta raza presenta una marcada aptitud lechera, siendo la segunda raza espa\u00f1ola con mayor producci\u00f3n de leche. <\/p>\n\n\n\n<p>El investigador principal de este proyecto es el <a href=\"https:\/\/www.researchgate.net\/profile\/Lorenzo-Hernandez-Castellano\" target=\"_blank\" rel=\"noreferrer noopener\">Dr. Lorenzo E. Hern\u00e1ndez Castellano<\/a>, perteneciente al grupo de <a href=\"https:\/\/accedacris.ulpgc.es\/cris\/ou\/ou00155\" target=\"_blank\" rel=\"noreferrer noopener\">Producci\u00f3n y Biotecnolog\u00eda Animal<\/a> dentro del <a href=\"http:\/\/www.iusa.eu\/\" target=\"_blank\" rel=\"noreferrer noopener\">Instituto Universitario de Sanidad Animal y Seguridad Alimentaria<\/a> (<a href=\"https:\/\/www.ulpgc.es\/\" target=\"_blank\" rel=\"noreferrer noopener\">Universidad de Las Palmas de Gran Canaria<\/a>, Espa\u00f1a).<\/p>\n\n\n\n<p>Esta web es un medio de difusi\u00f3n para investigadores y para la sociedad en general de los resultados y noticias relacionados con el proyecto. En caso de cuestiones relacionadas con el proyecto, no dudes en enviar un email a lorenzo.hernandez@ulpgc.es.  <\/p>\n","protected":false},"excerpt":{"rendered":"<p>El proyecto \u00abEstrategias de secado eficientes para mejorar la salud y el rendimiento en cabras lecheras\u00bb (abreviado como Dry4future), es un proyecto de 3 a\u00f1os de duraci\u00f3n (septiembre 2021-agosto 2024) financiado por la Agencia Estatal de Investigaci\u00f3n (Ministerio de Ciencia e Innovaci\u00f3n, Espa\u00f1a) dentro del Plan Estatal de Investigaci\u00f3n Cient\u00edfica y T\u00e9cnica y de Innovaci\u00f3n [&hellip;]<\/p>\n","protected":false},"author":1,"featured_media":0,"parent":0,"menu_order":0,"comment_status":"closed","ping_status":"closed","template":"","meta":{"_background_id":0,"_xo_background":[],"_ti_tpc_template_sync":false,"_ti_tpc_template_id":"","footnotes":""},"class_list":["post-11","page","type-page","status-publish","hentry"],"_links":{"self":[{"href":"https:\/\/www.dry4future.ulpgc.es\/index.php?rest_route=\/wp\/v2\/pages\/11"}],"collection":[{"href":"https:\/\/www.dry4future.ulpgc.es\/index.php?rest_route=\/wp\/v2\/pages"}],"about":[{"href":"https:\/\/www.dry4future.ulpgc.es\/index.php?rest_route=\/wp\/v2\/types\/page"}],"author":[{"embeddable":true,"href":"https:\/\/www.dry4future.ulpgc.es\/index.php?rest_route=\/wp\/v2\/users\/1"}],"replies":[{"embeddable":true,"href":"https:\/\/www.dry4future.ulpgc.es\/index.php?rest_route=%2Fwp%2Fv2%2Fcomments&post=11"}],"version-history":[{"count":7,"href":"https:\/\/www.dry4future.ulpgc.es\/index.php?rest_route=\/wp\/v2\/pages\/11\/revisions"}],"predecessor-version":[{"id":138,"href":"https:\/\/www.dry4future.ulpgc.es\/index.php?rest_route=\/wp\/v2\/pages\/11\/revisions\/138"}],"wp:attachment":[{"href":"https:\/\/www.dry4future.ulpgc.es\/index.php?rest_route=%2Fwp%2Fv2%2Fmedia&parent=11"}],"curies":[{"name":"wp","href":"https:\/\/api.w.org\/{rel}","templated":true}]}}